-2*t + v = -r - 25, -t = 3*r - 25. What is the units digit of t?
1
Suppose -5*v + 114201 = 4*r, 3*r + 6*v = 4*v + 85649. What is the hundreds digit of r?
5
Suppose -8*b + 1158 + 290 = 0. Suppose o + 9 = b. What is the hundreds digit of o?
1
Let s(w) = w**3 + 42*w**2 + 20*w + 89. What is the tens digit of s(-36)?
4
Let v(j) = 2*j**3 + 38*j**2 - 42*j - 38. Let o be v(-20). Suppose o*t - 178 - 392 = 0. What is the units digit of t?
5
Suppose 2*d + 2*s = 752, 3*s + 1469 = 4*d - 0*d. Suppose -6*y = -d - 4471. What is the hundreds digit of y?
8
Suppose 4*l = -2*q + 122448, 24*l + 61182 = q + 20*l. What is the units digit of q?
0
Suppose -4*x + 5*l = -296 - 198, -x = 5*l - 136. Suppose -17*p + 267 + 600 = 0. Suppose -3*o + 27 = 3*a - p, -5*a - 4*o + x = 0. What is the units digit of a?
2
Suppose -i = 2*g, -5*g = -i + 5*i. Suppose i = -0*o - 5*o + 70. Suppose -o*q + 285 = -9*q. What is the units digit of q?
7
Suppose 4*p + 20 = 5*n, -4 = -5*p - 4*n + 3*n. Suppose -2*h + 94 = 3*k, -5*k - h - 10 + 169 = p. What is the units digit of k?
2
Suppose 0 = 14*b - 7*b - 14. What is the units digit of (-1)/(b/(-6))*(-42150)/(-450)?
1
Suppose x - 3 = 5*u - 16, 10 = 2*u - 2*x. Suppose 5*j + 231 = l + 70, 308 = u*l + 4*j. Suppose 2*q - l = 206. What is the tens digit of q?
8
Let v(i) = -57*i + 74. Let b(y) = 28*y - 37. Let j(g) = 9*b(g) + 4*v(g). What is the units digit of j(10)?
3
Suppose -11*l = -111 + 23. Let r(h) = 3*h**3 - 5*h**3 + 3*h**3 + 6 - 11*h**2 + 9*h + 6*h**2. What is the units digit of r(l)?
0
Suppose 16*m = 11*m + 300. Suppose 4*h = -h + 2*u - 75, -m = 4*h - u. What is the tens digit of (40/3*h)/(-1)?
0
Suppose -3*b = -4*z - 285, -b - 4*z + 95 = z. Suppose 2*s = c - 45, 5*s - b = -c - 29. Suppose -6*j + 45 = -c. What is the tens digit of j?
1
Let u(f) = -3*f - 1. Let v be u(-2). Let q be (-20)/2*36/v. What is the tens digit of -2 + 5/3 - 14424/q?
0
Let i be ((-15)/6)/((-8)/16). What is the tens digit of 4/(i + (-7911)/1584)?
0
Suppose -2*g + 44 = -c, -5*g + 4*c + 0*c = -104. Suppose 0 = g*q - 17*q - 4585. What is the tens digit of q?
5
Let j(s) be the first derivative of 5*s**3/3 - 7*s**2 - 27*s - 14. What is the units digit of j(-7)?
6
Let h(v) = -6*v - 26. Let b be h(-6). Let j(q) = q**3 - 8*q**2 + 10*q + 2. Let a be j(b). What is the tens digit of 4/(-14) + -6*a/(-21)?
8
Let n(p) be the second derivative of -7*p**3/2 + 3*p**2 + p. Let m be ((-16)/(-18))/(86/(-387)). What is the units digit of n(m)?
0
Let l = 147020 + -84485. What is the units digit of l?
5
Let f(y) = 844*y + 3261. What is the ten thousands digit of f(28)?
2
Let o(a) = a**3 + 10*a**2 + 4*a - 5. Let q be o(-11). Let i(n) = -38*n + 10. Let h be i(2). Let u = h - q. What is the hundreds digit of u?
1
Let b = 486 + 5512. What is the tens digit of b?
9
Suppose -62280 = -5*k - 3*a, 30*k + 2*a = 35*k - 62280. What is the thousands digit of k?
2
Suppose -41720 = w - 15*w. Suppose -5*l - r = -3705, -3*r + w = 4*l + r. What is the units digit of l?
0
Let t(y) = y**2 - 20*y - 20. Let n(s) = -s**3 + 9*s**2 + 4*s - 15. Let r be n(9). Let v be t(r). What is the tens digit of v/(-3)*(-6 + -299 + 2)?
0
Let u(g) = 403 - 196 + 29*g - 181. What is the tens digit of u(12)?
7
What is the ten thousands digit of 98115/6 - (1/(-5) + 360/(-1200))?
1
Suppose -5*v = -g + 2*g + 20, -124 = 4*g - 2*v. Let c = 30 + g. Suppose 3*l - 27 - 27 = c. What is the tens digit of l?
1
Suppose 73*f = 72*f + 350. Suppose -f = 10*u - 2490. What is the hundreds digit of u?
2
Let w = -35 + 73. Let z = w + -24. Let n = 50 + z. What is the units digit of n?
4
Let m(u) = -2*u**2 + 9*u + 5. Let r(l) = l - 14. Let f be r(7). Let a(w) = 2*w**2 - 10*w - 6. Let z(y) = f*m(y) - 6*a(y). What is the units digit of z(-3)?
8
Let n(j) = -505*j**2 - 17*j - 17. Let w be n(-1). Let t = -321 - w. What is the hundreds digit of t?
1
Let d = -41527 - -57367. What is the hundreds digit of d?
8
Suppose -64*c = -58*c - 163662. What is the units digit of c?
7
Let d = 476 + -471. Suppose -20*u = d*u - 29800. What is the tens digit of u?
9
Suppose -23*l + 20*l = -306. Let x be l/42 - 6/14. Suppose -h + 5*k + 106 = 2*h, -x*h + 2*k + 72 = 0. What is the tens digit of h?
3
Let n = -33919 - -61364. What is the ten thousands digit of n?
2
Let d = 30279 + -20872. What is the thousands digit of d?
9
Let k = -18914 - -37297. What is the units digit of k?
3
Suppose -4*j + 3*j - 62 = -4*d, 4*d = 3*j + 58. What is the units digit of (-8)/6 + d/12 + 10?
0
Suppose 2*y - 3 = 4*q - 25, 0 = 5*q + 2*y - 32. Suppose -2044 + 484 = -q*i. What is the units digit of i?
0
What is the thousands digit of 6271 + 30 + (-20)/2 + -7?
6
Let f = -7725 - -10997. What is the hundreds digit of f?
2
Let z = -19661 + 58191. What is the ten thousands digit of z?
3
Suppose 57*p + 10058 = 59*p. What is the hundreds digit of p?
0
What is the hundreds digit of 10*((-53)/(-5) - 6)*488*1?
4
Let o(k) = -k**2 - 4*k - 10. Let y be o(12). Let g = y + 409. What is the hundreds digit of g?
2
Let a = 25747 + -18313. What is the units digit of a?
4
Suppose 46*i + 392138 = 104*i. What is the thousands digit of i?
6
Suppose -3*q = -5*n - 1091 - 762, 3*n + q + 1123 = 0. Let u be n/2 - 48/32. What is the tens digit of (3 + -2)/(939/u - -5)?
8
Let c = -39 - -43. Suppose -c*f = -1367 - 21. Suppose 119 = -3*h + f. What is the units digit of h?
6
Let h = 14682 - 7752. What is the thousands digit of h?
6
Suppose -5*r = 15, 15*r - 16*r = 5*a + 8378. What is the hundreds digit of (-100)/200 - a/2?
8
Suppose 2*h - 15519 = 23*h. Let x = h + 1369. What is the units digit of x?
0
Suppose -47 - 61 = -3*z. Let d = 3140 + -3100. Suppose -z = -41*s + d*s. What is the tens digit of s?
3
Suppose 0 = 4*d + m - 28128, -6*m + 7009 = 28*d - 27*d. What is the tens digit of d?
3
Let o(b) = -1954*b + 556. What is the tens digit of o(-10)?
9
Let y = 4615 - -857. What is the tens digit of y?
7
Let i be 21422/(-10) - 49/(-245). What is the thousands digit of (i/10)/(12/(-60))?
1
Suppose -4*n - 12*n = -32. Suppose n*x = 1428 + 932. What is the thousands digit of x?
1
Let v = 0 + 6. Suppose 3*m + v - 12 = 0. Suppose m*p = 3*u - 239, 4*u - p - 187 - 135 = 0. What is the tens digit of u?
8
What is the units digit of (5577/13)/((-6)/(-100))?
0
Let o = 14826 - 3743. What is the ten thousands digit of o?
1
Let p = 6302 + -13002. Let g = p + 1414. What is the units digit of -4 + g/(-21) - 4/(-14)?
8
Let o be 4/(-30) - (-2416)/120. Let m = 26 - o. What is the tens digit of (m/5*4)/(2/40)?
9
Let i = -76 + 83. Suppose 12*k - 4025 = i*k. What is the tens digit of k?
0
Let i = -34229 - -56223. What is the units digit of i?
4
Suppose -5*f + 216 = -44. What is the hundreds digit of (52/(-7))/(f/(-2002))?
2
Let k be (-6)/4 - -3 - (-6)/(-4). Suppose k = -8*t + t. Suppose -9*w + 7*w + 18 = t. What is the units digit of w?
9
Suppose -3*k - 471 = 2*b - 9, 3*b = -2*k - 308. Let m = k + 357. Let q = -56 + m. What is the units digit of q?
7
Suppose 39160 = s - 12*s. Let k be 6/21 + s/(-35). Suppose -44 - k = -2*g. What is the tens digit of g?
7
Suppose -5*o = 7*p - 2*p - 1900, -p = -5*o + 1870. What is the hundreds digit of -29 + o - -3*1?
3
Let w(d) = 372*d - 3231. What is the units digit of w(43)?
5
Let y(k) = 276*k**2 - 3841*k + 2. What is the units digit of y(14)?
4
Let j = 147382 - 89017. What is the units digit of j?
5
Let q = 13610 - -1853. What is the ten thousands digit of q?
1
Let v = -9061 - -18291. What is the hundreds digit of v?
2
Let o(t) = -t**3 - 6*t**2 - 8*t - 9. Let q be o(-5). What is the tens digit of (2 + (-46)/(-7))/(q/42)?
6
Let u(i) = 13*i**2 - 5*i - 4. Let o be u(6). Let n = o - 287. What is the units digit of n?
7
Let z be ((-1508)/(-8) + 6)*2. Let u = 787 - z. What is the hundreds digit of u?
3
Let a = 1898 + -1227. What is the units digit of a?
1
What is the hundreds digit of ((-2)/(-4))/((-5)/(-208084)*(-2)/(-5))?
0
Let a be (932/(-6))/((-24)/18)*102. Suppose -45*c = -62*c + a. What is the tens digit of c?
9
Suppose -14 = 17*q - 10*q. What is the hundreds digit of -5 + 144 - (-2 - (-6)/q)?
1
Let j(o) = -62*o - 394. Let k be j(-7). Suppose -51*w + 16577 = -k*w. What is the units digit of w?
7
Suppose 2*w = 3*k - 6*k - 6, -3*w - 2*k = -1. Suppose -5*d = 5*b - 3*d - 2830, -w*d = -b + 583. What is the units digit of b?
8
Let 